tor of v and 372?
31
Let y = 166 - 168. Let c be (12/6 - 3)*y. What is the highest common factor of 22 and c?
2
Let j = 138 - 136. Suppose -j*h + 4*n + 3 = n, -2*h = n - 7. Suppose -h*t = 2*t + w - 48, 51 = 4*t + 5*w. Calculate the greatest common factor of t and 99.
9
Let h(b) = -b**2 - 9*b. Let q be h(-9). Let g be (0 - q)*3/(-6). Suppose -2*d + d + 7 = g. What is the greatest common divisor of d and 56?
7
Suppose -12 - 9 = -3*q. Let s be q - (-4 + 7) - 2. Let o(z) = 8*z + 1. Let r be o(s). What is the greatest common divisor of r and 187?
17
Let r be 109/(38150/4800) - (12/(-63))/(2/3). Suppose -3*v + 27 = -1779. What is the highest common divisor of v and r?
14
Let z(s) = s**2 - 9*s + 19. Let m be z(5). Let r be (-6 - m) + 34 + 2 + -3. What is the highest common factor of 4 and r?
4
Suppose 2*m + 33 + 71 = 0. Let p(f) = -5*f - 62. Let q be p(0). Let t = m - q. Calculate the highest common factor of 150 and t.
10
Let o be (16/(-3))/((1740/(-108) - -12) + 4). What is the greatest common factor of o and 2832?
48
Let b = 3101 + -3065. Calculate the greatest common divisor of 1926 and b.
18
Suppose 13*b - 43 = -6 + 28. Calculate the greatest common divisor of b and 127.
1
Let t be 94 - -1*(-20)/(-5). Suppose -3*g = 3*r + 5 + 31, -4*g + 4*r = 32. Let p be (-56)/g*5/6*3. Calculate the greatest common factor of t and p.
14
Suppose 2*q - 5*z = 880, 4*z + 1196 = 3*q - 117. Let r be (q/(-10) - -3)*(-10)/15. Let o be 1*(2 - (-2 - 14)). What is the greatest common factor of r and o?
9
Let u = -22 + 63. Let n = u - 39. Suppose -3*v + 13 + 5 = 3*q, -5*v = q + n. Calculate the highest common factor of 16 and q.
8
Suppose 0 = 4*a + 4*p - 8*p - 172, a - 4*p - 28 = 0. Let g be (5/(-15))/((-2)/2712). Suppose 3*k = 268 + g. What is the highest common divisor of a and k?
48
Suppose 49*c - 33*c = 1056. Suppose -13*b + 220 = -c. Calculate the highest common factor of 55 and b.
11
Let p(z) = -z**3 + 28*z**2 - 136*z + 90. Let h be p(22). Calculate the greatest common divisor of 4538 and h.
2
Let b be -21 + (-128934)/(-133) + 4/7. Let i = 72 - -1. What is the greatest common factor of b and i?
73
Let g = -100 + 194. Suppose -3*q - 6*d + 139 = -7*d, 2*d = 2*q - g. What is the greatest common factor of 161 and q?
23
Let c = 2472 + -2420. What is the highest common factor of c and 637?
13
Let j be (64/(-28))/((-144)/168) - 2/3. Calculate the greatest common factor of 46 and j.
2
Suppose 3*f - 3*o = -f + 1225, 0 = o - 1. Suppose -5*z - 302 = -f. Let g(a) = 4*a**2 + a + 1. Let h be g(-1). What is the greatest common divisor of z and h?
1
Let u(d) = -d**3 + 4*d**2 - 4. Let x be u(3). Suppose j - 495 = -q, -993 = 13*q - 15*q - x*j. What is the greatest common factor of q and 76?
38
Suppose 0 = 142*l - 10570 - 10108 + 6620. What is the greatest common factor of 6281 and l?
11
Let x be (3*(-9)/(-162))/(2/12). Let i(t) = 23*t + 14. Let d be i(x). Calculate the highest common divisor of 74 and d.
37
Let r be -1 + 3/(3/17). Suppose -15*o + 31 = r*o. What is the highest common divisor of 5 and o?
1
Suppose -l + 25*l - 2136 = 0. Suppose 0 = -97*o + l*o + 4864. Calculate the greatest common divisor of o and 32.
32
Let j(w) = w**2 - 4*w - 5. Let d be j(8). Let i = 102 - 47. Suppose 0 = -x - 3*x - 5*p + d, 5*x - i = -2*p. What is the highest common factor of 117 and x?
13
Let h(p) = -p**2 + 9*p + 5. Let c(w) = 3*w**2 - 3. Let j be c(2). Let k be h(j). Suppose k*f = -f + 636. Calculate the greatest common divisor of f and 265.
53
Let d be 18/1 + (-3 + 2)*-3. Let i(p) = p**2 - 12*p - 77. Let x be i(19). What is the highest common divisor of x and d?
7
Let i = -2424 - -2524. What is the greatest common factor of 100 and i?
100
Let u be 8/(-14)*(-140)/(-24)*(-369)/3. Calculate the greatest common factor of u and 30.
10
Let o be (-6 - (-18)/6 - -1)/(7/(-168)). Let y = 167 - 39. What is the highest common divisor of o and y?
16
Let k(i) = 102*i**2 - 111*i - 889. Let y be k(-8). Calculate the greatest common divisor of y and 107.
107
Suppose 9*t = 6*t - q - 2, -5*t + 3*q - 22 = 0. Let h be (24/(-60))/(t/(-130)). Let v = -14 - h. Calculate the highest common factor of 84 and v.
12
Suppose 16 = 3*p - 11. Suppose -p = -7*n + 96. What is the greatest common factor of 5 and n?
5
Suppose 1204 = 2*r - 2*w, -4*r - w + 536 + 1902 = 0. What is the highest common factor of 171 and r?
19
Let v(w) = -w**2 - 51*w - 312. Let r be v(-43). What is the greatest common factor of 1360 and r?
16
Suppose 757180 + 1254212 = 162*x. Calculate the greatest common divisor of 24 and x.
8
Suppose 5*s + 23*w - 3 = 26*w, -5*w - 5 = -5*s. Suppose 6*v + l - 593 = 3*v, s = -5*v - 2*l + 990. Calculate the greatest common factor of v and 147.
49
Suppose -83*p + 85*p = -3*z + 1199, -2*z = 3*p - 1786. What is the greatest common divisor of 111 and p?
37
Suppose 18*y + 4*s = 19*y - 25, -3*s - 5 = 2*y. Suppose 5*z + 109 = 2*p - 0*p, -2*z = y*p - 200. What is the highest common factor of 70 and p?
14
Suppose 0 = 2*x + 4*o - 22, 11*x - 6 = 13*x - 3*o. Suppose -x*f = -2*w - 74 - 198, -273 = -3*f + 3*w. What is the greatest common divisor of f and 315?
45
Let l = 1813 + -1809. Calculate the greatest common divisor of 1148 and l.
4
Suppose 30*r - 3*r - 5586 = -22*r. Calculate the greatest common factor of 1311 and r.
57
Suppose -5*g = 2*g. Let q(v) = g*v + v + 15 + 4*v + 10. Let u be q(7). Calculate the greatest common factor of 15 and u.
15
Let f = -16 - -22. Let c = f + -6. Let b be (-5 + -28)*(c + -1). What is the greatest common factor of b and 11?
11
Let b(h) = 49*h - 385. Let t be b(9). Calculate the highest common factor of t and 1064.
56
Let j = -5201 + 5317. What is the greatest common divisor of 2 and j?
2
Let i = -354 - -620. Suppose 5*y + a - 84 = i, -4*y - 2*a = -286. Let t = y + -64. What is the greatest common divisor of 35 and t?
5
Let r = -1029 + 1031. Suppose 0 = -2*g + 4*c + 1116, -5*g + r*c = -0*c - 2790. Calculate the highest common factor of g and 93.
93
Suppose o + 2*o + 2*m - 10 = 0, 2*o - 5 = -3*m. Suppose -33*p = -26*p - 63. Suppose 384 = 21*t - p*t. What is the highest common factor of t and o?
4
Let b be 2/(-5) - (-261)/15. Let z(x) = -2*x**3 - 9*x**2 + 123*x + 35. Let v be z(-11). Calculate the greatest common divisor of v and b.
17
Suppose -3*t - 19*v = -14*v - 4562, 1519 = t + 2*v. What is the highest common divisor of 417 and t?
139
Let x be (-8890)/(-8) - 7/28. What is the greatest common factor of 707 and x?
101
Let u = 649 + -645. Suppose -31 - 12 = -y + 2*q, -184 = -u*y - 4*q. What is the highest common divisor of y and 9?
9
Let r = 601 - 573. Suppose 4*x - 3 = -l - 2*l, 0 = -3*l + 3. Suppose x = 31*i - r*i - 918. What is the highest common factor of 34 and i?
34
Let p(h) = -2*h**2 - 9*h + 1. Let i = 50 - 53. Let r be p(i). Suppose -2*d = z, -4*d + r = 3*z - 0*d. What is the greatest common factor of z and 80?
10
Suppose 4*d = -0*j - 4*j + 16, 0 = 2*d - 2. Let u be (1 - 11)/(j/(-21)). What is the highest common factor of 56 and u?
14
Let t = -20147 + 24227. What is the highest common factor of t and 6?
6
Suppose 5*t = 23 + 2, -2*t - 870 = -5*x. Let s = -61 + 45. Let f be (-51)/408 - (274/s - -1). What is the highest common factor of x and f?
16
Let j be (6/4)/(2/28). Let u = -134 + 163. Suppose -5*n + u = -41. What is the greatest common factor of n and j?
7
Suppose 0 = -5*r - 9 - 11, 3*i + 3*r = -18. Let f be -26 + 25 - (-233 + i). Calculate the highest common divisor of f and 9.
9
Let p = 11384 + -11362. Calculate the highest common divisor of 2486 and p.
22
Let q = -3 + 32. Let t = 83 - q. Let c(r) = 1752*r + 1779. Let j be c(-1). Calculate the highest common divisor of j and t.
27
Let f(n) = n**2 - 7*n + 10. Let u be f(7). Suppose 55 = -2*v - 67. Let k be 1 - 3 - 28/(-28) - v. What is the greatest common divisor of u and k?
10
Let l = 1316 + -1262. What is the highest common factor of 594 and l?
54
Suppose -3*m + 2*o = -412, m + o - 78 = 56. Let t be (-2 + 4)/(159/51 + -3). What is the highest common factor of t and m?
17
Let s be 2/(-2*(-7)/168). Suppose 46*w = s*w + 308. What is the greatest common divisor of 7 and w?
7
Let p = -3 - -9. Suppose 0 = 5*s - p*s + 19. Let u be -2*4*247/(-104). Calculate the greatest common factor of s and u.
19
Let o be (-10)/8*-1*(12 + 0). Suppose j - o = -